{"id":15899,"date":"2026-04-08T10:03:07","date_gmt":"2026-04-08T07:03:07","guid":{"rendered":"https:\/\/artshotel.com.tr\/bodrum\/?page_id=15899"},"modified":"2026-04-08T10:19:04","modified_gmt":"2026-04-08T07:19:04","slug":"fitness","status":"publish","type":"page","link":"https:\/\/artshotel.com.tr\/bodrum\/fitness\/","title":{"rendered":"Fitness"},"content":{"rendered":"\t\t<div data-elementor-type=\"wp-page\" data-elementor-id=\"15899\" class=\"elementor elementor-15899\">\n\t\t\t\t\t\t\t\t\t<section class=\"elementor-section elementor-top-section elementor-element elementor-element-91d1a0d elementor-section-full_width elementor-section-height-default elementor-section-height-default qodef-elementor-content-no\" data-id=\"91d1a0d\" data-element_type=\"section\">\n\t\t\t\t\t\t<div class=\"elementor-container elementor-column-gap-default\">\n\t\t\t\t\t<div class=\"elementor-column elementor-col-100 elementor-top-column elementor-element elementor-element-baba17b\" data-id=\"baba17b\" data-element_type=\"column\">\n\t\t\t<div class=\"elementor-widget-wrap elementor-element-populated\">\n\t\t\t\t\t\t\t\t<div class=\"elementor-element elementor-element-6d4ae68 elementor-arrows-position-inside elementor-widget elementor-widget-image-carousel\" data-id=\"6d4ae68\" data-element_type=\"widget\" data-settings=\"{&quot;slides_to_show&quot;:&quot;1&quot;,&quot;navigation&quot;:&quot;arrows&quot;,&quot;autoplay&quot;:&quot;yes&quot;,&quot;pause_on_hover&quot;:&quot;yes&quot;,&quot;pause_on_interaction&quot;:&quot;yes&quot;,&quot;autoplay_speed&quot;:5000,&quot;infinite&quot;:&quot;yes&quot;,&quot;effect&quot;:&quot;slide&quot;,&quot;speed&quot;:500}\" data-widget_type=\"image-carousel.default\">\n\t\t\t\t<div class=\"elementor-widget-container\">\n\t\t\t<style>\/*! elementor - v3.11.1 - 15-02-2023 *\/\n.elementor-widget-image-carousel .swiper,.elementor-widget-image-carousel .swiper-container{position:static}.elementor-widget-image-carousel .swiper-container .swiper-slide figure,.elementor-widget-image-carousel .swiper .swiper-slide figure{line-height:inherit}.elementor-widget-image-carousel .swiper-slide{text-align:center}.elementor-image-carousel-wrapper:not(.swiper-container-initialized) .swiper-slide,.elementor-image-carousel-wrapper:not(.swiper-initialized) .swiper-slide{max-width:calc(100% \/ var(--e-image-carousel-slides-to-show, 3))}<\/style>\t\t<div class=\"elementor-image-carousel-wrapper swiper\" dir=\"ltr\">\n\t\t\t<div class=\"elementor-image-carousel swiper-wrapper\">\n\t\t\t\t\t\t\t\t<div class=\"swiper-slide\"><figure class=\"swiper-slide-inner\"><img decoding=\"async\" class=\"swiper-slide-image\" src=\"https:\/\/artshotel.com.tr\/bodrum\/wp-content\/uploads\/2026\/04\/optimized-image-default_header_banner-4502x-jpg.webp\" alt=\"optimized-image-default_header_banner-4502x-jpg\" \/><\/figure><\/div>\t\t\t<\/div>\n\t\t\t\t\t<\/div>\n\t\t\t\t<\/div>\n\t\t\t\t<\/div>\n\t\t\t\t\t<\/div>\n\t\t<\/div>\n\t\t\t\t\t\t\t<\/div>\n\t\t<\/section>\n\t\t\t\t<section class=\"elementor-section elementor-top-section elementor-element elementor-element-5e60b71 elementor-section-full_width elementor-section-height-default elementor-section-height-default qodef-elementor-content-no\" data-id=\"5e60b71\" data-element_type=\"section\">\n\t\t\t\t\t\t<div class=\"elementor-container elementor-column-gap-default\">\n\t\t\t\t\t<div class=\"elementor-column elementor-col-100 elementor-top-column elementor-element elementor-element-6057847\" data-id=\"6057847\" data-element_type=\"column\">\n\t\t\t<div class=\"elementor-widget-wrap elementor-element-populated\">\n\t\t\t\t\t\t\t\t<section class=\"elementor-section elementor-inner-section elementor-element elementor-element-066c99f elementor-section-full_width elementor-section-height-default elementor-section-height-default qodef-elementor-content-no\" data-id=\"066c99f\" data-element_type=\"section\">\n\t\t\t\t\t\t<div class=\"elementor-container elementor-column-gap-default\">\n\t\t\t\t\t<div class=\"elementor-column elementor-col-33 elementor-inner-column elementor-element elementor-element-8ea409d\" data-id=\"8ea409d\" data-element_type=\"column\">\n\t\t\t<div class=\"elementor-widget-wrap elementor-element-populated\">\n\t\t\t\t\t\t\t\t<div class=\"elementor-element elementor-element-78e9601 elementor-hidden-phone elementor-hidden-tablet qodef-custom-section-left elementor-widget elementor-widget-image\" data-id=\"78e9601\" data-element_type=\"widget\" data-widget_type=\"image.default\">\n\t\t\t\t<div class=\"elementor-widget-container\">\n\t\t\t<style>\/*! elementor - v3.11.1 - 15-02-2023 *\/\n.elementor-widget-image{text-align:center}.elementor-widget-image a{display:inline-block}.elementor-widget-image a img[src$=\".svg\"]{width:48px}.elementor-widget-image img{vertical-align:middle;display:inline-block}<\/style>\t\t\t\t\t\t\t\t\t\t\t\t<img decoding=\"async\" width=\"312\" height=\"389\" src=\"https:\/\/artshotel.com.tr\/bodrum\/wp-content\/uploads\/2026\/04\/312.webp\" class=\"attachment-full size-full wp-image-15906\" alt=\"\" srcset=\"https:\/\/artshotel.com.tr\/bodrum\/wp-content\/uploads\/2026\/04\/312.webp 312w, https:\/\/artshotel.com.tr\/bodrum\/wp-content\/uploads\/2026\/04\/312-241x300.webp 241w\" sizes=\"(max-width: 312px) 100vw, 312px\" \/>\t\t\t\t\t\t\t\t\t\t\t\t\t\t\t<\/div>\n\t\t\t\t<\/div>\n\t\t\t\t\t<\/div>\n\t\t<\/div>\n\t\t\t\t<div class=\"elementor-column elementor-col-33 elementor-inner-column elementor-element elementor-element-96e4c6b\" data-id=\"96e4c6b\" data-element_type=\"column\" data-settings=\"{&quot;background_background&quot;:&quot;classic&quot;}\">\n\t\t\t<div class=\"elementor-widget-wrap elementor-element-populated\">\n\t\t\t\t\t\t\t\t<div class=\"elementor-element elementor-element-b4eee26 elementor-widget__width-initial elementor-widget-tablet__width-initial elementor-widget elementor-widget-augustine_core_section_title\" data-id=\"b4eee26\" data-element_type=\"widget\" data-widget_type=\"augustine_core_section_title.default\">\n\t\t\t\t<div class=\"elementor-widget-container\">\n\t\t\t<div class=\"qodef-shortcode qodef-m  qodef-section-title qodef-alignment--center    qodef-separator-appear \">\n\t\t\t<p class=\"qodef-m-subtitle\" >ARTS HOTEL BODRUM<\/p>\n\t\t<h4 class=\"qodef-m-title\" style=\"margin-top: -5px\">\n\t\t\t\t\tFITNESS\t\t\t<\/h4>\n\t\t<\/div>\t\t<\/div>\n\t\t\t\t<\/div>\n\t\t\t\t<div class=\"elementor-element elementor-element-15ad9a1 elementor-widget__width-initial elementor-widget-tablet__width-initial elementor-widget elementor-widget-text-editor\" data-id=\"15ad9a1\" data-element_type=\"widget\" data-widget_type=\"text-editor.default\">\n\t\t\t\t<div class=\"elementor-widget-container\">\n\t\t\t<style>\/*! elementor - v3.11.1 - 15-02-2023 *\/\n.elementor-widget-text-editor.elementor-drop-cap-view-stacked .elementor-drop-cap{background-color:#818a91;color:#fff}.elementor-widget-text-editor.elementor-drop-cap-view-framed .elementor-drop-cap{color:#818a91;border:3px solid;background-color:transparent}.elementor-widget-text-editor:not(.elementor-drop-cap-view-default) .elementor-drop-cap{margin-top:8px}.elementor-widget-text-editor:not(.elementor-drop-cap-view-default) .elementor-drop-cap-letter{width:1em;height:1em}.elementor-widget-text-editor .elementor-drop-cap{float:left;text-align:center;line-height:1;font-size:50px}.elementor-widget-text-editor .elementor-drop-cap-letter{display:inline-block}<\/style>\t\t\t\t<p style=\"text-align: center;\"><span style=\"font-weight: 400;\">D\u00fcnyan\u0131n \u00f6nde gelen ticari fitness markalar\u0131ndan Matrix ile \u00e7al\u0131\u015farak, misafirlerimize dayan\u0131kl\u0131 kardiyo, g\u00fc\u00e7 ve fonksiyonel ekipmanlardan olu\u015fan geni\u015f bir portf\u00f6y\u00fcn yan\u0131 s\u0131ra, entegre teknoloji altyap\u0131s\u0131 ve sekt\u00f6r\u00fcn en geli\u015fmi\u015f konsollar\u0131yla donat\u0131lm\u0131\u015f ayr\u0131cal\u0131kl\u0131 bir spor deneyimi sunuyoruz. Alan\u0131m\u0131za \u00f6zel olarak kurgulad\u0131\u011f\u0131m\u0131z bu sa\u011fl\u0131kl\u0131 ya\u015fam deneyimiyle, misafirlerimizin otelimize tekrar tekrar gelmeleri i\u00e7in g\u00fc\u00e7l\u00fc bir neden olu\u015fturuyoruz.<\/span><\/p>\t\t\t\t\t\t<\/div>\n\t\t\t\t<\/div>\n\t\t\t\t\t<\/div>\n\t\t<\/div>\n\t\t\t\t<div class=\"elementor-column elementor-col-33 elementor-inner-column elementor-element elementor-element-c9936ed\" data-id=\"c9936ed\" data-element_type=\"column\">\n\t\t\t<div class=\"elementor-widget-wrap\">\n\t\t\t\t\t\t\t\t\t<\/div>\n\t\t<\/div>\n\t\t\t\t\t\t\t<\/div>\n\t\t<\/section>\n\t\t\t\t\t<\/div>\n\t\t<\/div>\n\t\t\t\t\t\t\t<\/div>\n\t\t<\/section>\n\t\t\t\t<section class=\"elementor-section elementor-top-section elementor-element elementor-element-ad85892 elementor-section-full_width elementor-hidden-tablet elementor-hidden-mobile elementor-section-height-default elementor-section-height-default qodef-elementor-content-no\" data-id=\"ad85892\" data-element_type=\"section\">\n\t\t\t\t\t\t<div class=\"elementor-container elementor-column-gap-default\">\n\t\t\t\t\t<div class=\"elementor-column elementor-col-33 elementor-top-column elementor-element elementor-element-fb176e0\" data-id=\"fb176e0\" data-element_type=\"column\">\n\t\t\t<div class=\"elementor-widget-wrap\">\n\t\t\t\t\t\t\t\t\t<\/div>\n\t\t<\/div>\n\t\t\t\t<div class=\"elementor-column elementor-col-33 elementor-top-column elementor-element elementor-element-e5f52cc\" data-id=\"e5f52cc\" data-element_type=\"column\" data-settings=\"{&quot;background_background&quot;:&quot;classic&quot;}\">\n\t\t\t<div class=\"elementor-widget-wrap\">\n\t\t\t\t\t\t\t\t\t<\/div>\n\t\t<\/div>\n\t\t\t\t<div class=\"elementor-column elementor-col-33 elementor-top-column elementor-element elementor-element-ceb5b0d elementor-hidden-tablet elementor-hidden-mobile\" data-id=\"ceb5b0d\" data-element_type=\"column\">\n\t\t\t<div class=\"elementor-widget-wrap elementor-element-populated\">\n\t\t\t\t\t\t\t\t<div class=\"elementor-element elementor-element-09561af elementor-widget-tablet__width-auto qodef-custom-section-feathers elementor-widget elementor-widget-image\" data-id=\"09561af\" data-element_type=\"widget\" data-widget_type=\"image.default\">\n\t\t\t\t<div class=\"elementor-widget-container\">\n\t\t\t\t\t\t\t\t\t\t\t\t\t\t\t<img decoding=\"async\" width=\"122\" height=\"300\" src=\"https:\/\/artshotel.com.tr\/bodrum\/wp-content\/uploads\/2020\/11\/h4-img3-122x300.png\" class=\"attachment-medium size-medium wp-image-1941\" alt=\"s\" srcset=\"https:\/\/artshotel.com.tr\/bodrum\/wp-content\/uploads\/2020\/11\/h4-img3-122x300.png 122w, https:\/\/artshotel.com.tr\/bodrum\/wp-content\/uploads\/2020\/11\/h4-img3.png 132w\" sizes=\"(max-width: 122px) 100vw, 122px\" \/>\t\t\t\t\t\t\t\t\t\t\t\t\t\t\t<\/div>\n\t\t\t\t<\/div>\n\t\t\t\t<div class=\"elementor-element elementor-element-02b2ecb elementor-widget-tablet__width-auto qodef-custom-section-right elementor-widget elementor-widget-image\" data-id=\"02b2ecb\" data-element_type=\"widget\" data-widget_type=\"image.default\">\n\t\t\t\t<div class=\"elementor-widget-container\">\n\t\t\t\t\t\t\t\t\t\t\t\t\t\t\t<img decoding=\"async\" width=\"312\" height=\"389\" src=\"https:\/\/artshotel.com.tr\/bodrum\/wp-content\/uploads\/2026\/04\/312-2.webp\" class=\"attachment-full size-full wp-image-15908\" alt=\"\" srcset=\"https:\/\/artshotel.com.tr\/bodrum\/wp-content\/uploads\/2026\/04\/312-2.webp 312w, https:\/\/artshotel.com.tr\/bodrum\/wp-content\/uploads\/2026\/04\/312-2-241x300.webp 241w\" sizes=\"(max-width: 312px) 100vw, 312px\" \/>\t\t\t\t\t\t\t\t\t\t\t\t\t\t\t<\/div>\n\t\t\t\t<\/div>\n\t\t\t\t\t<\/div>\n\t\t<\/div>\n\t\t\t\t\t\t\t<\/div>\n\t\t<\/section>\n\t\t\t\t<section class=\"elementor-section elementor-top-section elementor-element elementor-element-10b55e1 elementor-section-full_width elementor-section-height-default elementor-section-height-default qodef-elementor-content-no\" data-id=\"10b55e1\" data-element_type=\"section\">\n\t\t\t\t\t\t<div class=\"elementor-container elementor-column-gap-default\">\n\t\t\t\t\t<div class=\"elementor-column elementor-col-100 elementor-top-column elementor-element elementor-element-8507635\" data-id=\"8507635\" data-element_type=\"column\">\n\t\t\t<div class=\"elementor-widget-wrap elementor-element-populated\">\n\t\t\t\t\t\t\t\t<div class=\"elementor-element elementor-element-4bf320a elementor-widget__width-initial elementor-widget-tablet__width-initial elementor-widget elementor-widget-augustine_core_section_title\" data-id=\"4bf320a\" data-element_type=\"widget\" data-widget_type=\"augustine_core_section_title.default\">\n\t\t\t\t<div class=\"elementor-widget-container\">\n\t\t\t<div class=\"qodef-shortcode qodef-m  qodef-section-title qodef-alignment--left  qodef-title-appear qodef-title-alt-appear  \">\n\t\t\t\t<h1 class=\"qodef-m-title\" >\n\t\t\t\t\t\u0130mkanlar\t\t\t<\/h1>\n\t\t<\/div>\t\t<\/div>\n\t\t\t\t<\/div>\n\t\t\t\t\t<\/div>\n\t\t<\/div>\n\t\t\t\t\t\t\t<\/div>\n\t\t<\/section>\n\t\t\t\t<section class=\"elementor-section elementor-top-section elementor-element elementor-element-e3b4925 elementor-section-full_width elementor-section-height-default elementor-section-height-default qodef-elementor-content-no\" data-id=\"e3b4925\" data-element_type=\"section\">\n\t\t\t\t\t\t<div class=\"elementor-container elementor-column-gap-default\">\n\t\t\t\t\t<div class=\"elementor-column elementor-col-25 elementor-top-column elementor-element elementor-element-c1fd4df\" data-id=\"c1fd4df\" data-element_type=\"column\">\n\t\t\t<div class=\"elementor-widget-wrap elementor-element-populated\">\n\t\t\t\t\t\t\t\t<div class=\"elementor-element elementor-element-ae558d5 elementor-widget__width-initial elementor-widget-tablet__width-initial elementor-widget elementor-widget-augustine_core_section_title\" data-id=\"ae558d5\" data-element_type=\"widget\" data-widget_type=\"augustine_core_section_title.default\">\n\t\t\t\t<div class=\"elementor-widget-container\">\n\t\t\t<div class=\"qodef-shortcode qodef-m  qodef-section-title qodef-alignment--left  qodef-title-appear qodef-title-alt-appear  \">\n\t\t\t\t<h4 class=\"qodef-m-title\" >\n\t\t\t\t\tFitness\t\t\t<\/h4>\n\t\t<\/div>\t\t<\/div>\n\t\t\t\t<\/div>\n\t\t\t\t\t<\/div>\n\t\t<\/div>\n\t\t\t\t<div class=\"elementor-column elementor-col-25 elementor-top-column elementor-element elementor-element-60d04ae\" data-id=\"60d04ae\" data-element_type=\"column\">\n\t\t\t<div class=\"elementor-widget-wrap elementor-element-populated\">\n\t\t\t\t\t\t\t\t<div class=\"elementor-element elementor-element-5effd02 elementor-widget__width-initial elementor-widget-tablet__width-initial elementor-widget elementor-widget-augustine_core_section_title\" data-id=\"5effd02\" data-element_type=\"widget\" data-widget_type=\"augustine_core_section_title.default\">\n\t\t\t\t<div class=\"elementor-widget-container\">\n\t\t\t<div class=\"qodef-shortcode qodef-m  qodef-section-title qodef-alignment--left  qodef-title-appear qodef-title-alt-appear  \">\n\t\t\t\t<h4 class=\"qodef-m-title\" >\n\t\t\t\t\tT\u00fcrk Hamam\u0131\t\t\t<\/h4>\n\t\t<\/div>\t\t<\/div>\n\t\t\t\t<\/div>\n\t\t\t\t\t<\/div>\n\t\t<\/div>\n\t\t\t\t<div class=\"elementor-column elementor-col-25 elementor-top-column elementor-element elementor-element-97d4385\" data-id=\"97d4385\" data-element_type=\"column\">\n\t\t\t<div class=\"elementor-widget-wrap elementor-element-populated\">\n\t\t\t\t\t\t\t\t<div class=\"elementor-element elementor-element-670f5c9 elementor-widget__width-initial elementor-widget-tablet__width-initial elementor-widget elementor-widget-augustine_core_section_title\" data-id=\"670f5c9\" data-element_type=\"widget\" data-widget_type=\"augustine_core_section_title.default\">\n\t\t\t\t<div class=\"elementor-widget-container\">\n\t\t\t<div class=\"qodef-shortcode qodef-m  qodef-section-title qodef-alignment--left  qodef-title-appear qodef-title-alt-appear  \">\n\t\t\t\t<h4 class=\"qodef-m-title\" >\n\t\t\t\t\tSauna\t\t\t<\/h4>\n\t\t<\/div>\t\t<\/div>\n\t\t\t\t<\/div>\n\t\t\t\t\t<\/div>\n\t\t<\/div>\n\t\t\t\t<div class=\"elementor-column elementor-col-25 elementor-top-column elementor-element elementor-element-18d40f9\" data-id=\"18d40f9\" data-element_type=\"column\">\n\t\t\t<div class=\"elementor-widget-wrap elementor-element-populated\">\n\t\t\t\t\t\t\t\t<div class=\"elementor-element elementor-element-5cb8a8a elementor-widget__width-initial elementor-widget-tablet__width-initial elementor-widget elementor-widget-augustine_core_section_title\" data-id=\"5cb8a8a\" data-element_type=\"widget\" data-widget_type=\"augustine_core_section_title.default\">\n\t\t\t\t<div class=\"elementor-widget-container\">\n\t\t\t<div class=\"qodef-shortcode qodef-m  qodef-section-title qodef-alignment--left  qodef-title-appear qodef-title-alt-appear  \">\n\t\t\t\t<h4 class=\"qodef-m-title\" >\n\t\t\t\t\tMasaj Odalar\u0131\t\t\t<\/h4>\n\t\t<\/div>\t\t<\/div>\n\t\t\t\t<\/div>\n\t\t\t\t\t<\/div>\n\t\t<\/div>\n\t\t\t\t\t\t\t<\/div>\n\t\t<\/section>\n\t\t\t\t<section class=\"elementor-section elementor-top-section elementor-element elementor-element-2319e92 elementor-section-full_width elementor-section-height-default elementor-section-height-default qodef-elementor-content-no\" data-id=\"2319e92\" data-element_type=\"section\">\n\t\t\t\t\t\t<div class=\"elementor-container elementor-column-gap-default\">\n\t\t\t\t\t<div class=\"elementor-column elementor-col-100 elementor-top-column elementor-element elementor-element-9ad93bb\" data-id=\"9ad93bb\" data-element_type=\"column\">\n\t\t\t<div class=\"elementor-widget-wrap elementor-element-populated\">\n\t\t\t\t\t\t\t\t<div class=\"elementor-element elementor-element-4775a25 elementor-widget__width-initial elementor-widget-tablet__width-initial elementor-widget elementor-widget-augustine_core_section_title\" data-id=\"4775a25\" data-element_type=\"widget\" data-widget_type=\"augustine_core_section_title.default\">\n\t\t\t\t<div class=\"elementor-widget-container\">\n\t\t\t<div class=\"qodef-shortcode qodef-m  qodef-section-title qodef-alignment--left  qodef-title-appear qodef-title-alt-appear  \">\n\t\t\t\t<h1 class=\"qodef-m-title\" >\n\t\t\t\t\tGaleri\t\t\t<\/h1>\n\t\t<\/div>\t\t<\/div>\n\t\t\t\t<\/div>\n\t\t\t\t\t<\/div>\n\t\t<\/div>\n\t\t\t\t\t\t\t<\/div>\n\t\t<\/section>\n\t\t\t\t<section class=\"elementor-section elementor-top-section elementor-element elementor-element-3c75cbb elementor-section-full_width elementor-section-height-default elementor-section-height-default qodef-elementor-content-no\" data-id=\"3c75cbb\" data-element_type=\"section\">\n\t\t\t\t\t\t<div class=\"elementor-container elementor-column-gap-default\">\n\t\t\t\t\t<div class=\"elementor-column elementor-col-100 elementor-top-column elementor-element elementor-element-df88067\" data-id=\"df88067\" data-element_type=\"column\">\n\t\t\t<div class=\"elementor-widget-wrap elementor-element-populated\">\n\t\t\t\t\t\t\t\t<div class=\"elementor-element elementor-element-194a3f1 elementor-widget elementor-widget-augustine_core_image_gallery\" data-id=\"194a3f1\" data-element_type=\"widget\" data-widget_type=\"augustine_core_image_gallery.default\">\n\t\t\t\t<div class=\"elementor-widget-container\">\n\t\t\t<div class=\"qodef-shortcode qodef-m  qodef-image-gallery qodef-magnific-popup qodef-popup-gallery     qodef-grid qodef-swiper-container  qodef-gutter--normal qodef-col-num--3  qodef-responsive--predefined\" data-options=\"{&quot;slidesPerView&quot;:&quot;3&quot;,&quot;spaceBetween&quot;:30,&quot;loop&quot;:true,&quot;autoplay&quot;:true,&quot;speed&quot;:&quot;&quot;,&quot;speedAnimation&quot;:&quot;&quot;,&quot;centeredSlides&quot;:false,&quot;effect&quot;:&quot;slide&quot;}\" style=\"transition-delay: ms\">\n\t<div class=\"swiper-wrapper\">\n\t\t<div class=\"qodef-e qodef-image-wrapper qodef-grid-item swiper-slide\">\n\t\t\t<a class=\"qodef-popup-item\" itemprop=\"image\" href=\"https:\/\/artshotel.com.tr\/bodrum\/wp-content\/uploads\/2024\/01\/spa-10.jpg\" data-type=\"image\" title=\"\">\n\t\t\t<img decoding=\"async\" width=\"530\" height=\"312\" src=\"https:\/\/artshotel.com.tr\/bodrum\/wp-content\/uploads\/2024\/01\/spa-10.jpg\" class=\"attachment-full size-full\" alt=\"\" srcset=\"https:\/\/artshotel.com.tr\/bodrum\/wp-content\/uploads\/2024\/01\/spa-10.jpg 530w, https:\/\/artshotel.com.tr\/bodrum\/wp-content\/uploads\/2024\/01\/spa-10-300x177.jpg 300w\" sizes=\"(max-width: 530px) 100vw, 530px\" \/>\t\t\t<\/a>\n\t\t<\/div><div class=\"qodef-e qodef-image-wrapper qodef-grid-item swiper-slide\">\n\t\t\t<a class=\"qodef-popup-item\" itemprop=\"image\" href=\"https:\/\/artshotel.com.tr\/bodrum\/wp-content\/uploads\/2026\/04\/2.jpg\" data-type=\"image\" title=\"\">\n\t\t\t<img decoding=\"async\" width=\"530\" height=\"312\" src=\"https:\/\/artshotel.com.tr\/bodrum\/wp-content\/uploads\/2026\/04\/2.jpg\" class=\"attachment-full size-full\" alt=\"\" srcset=\"https:\/\/artshotel.com.tr\/bodrum\/wp-content\/uploads\/2026\/04\/2.jpg 530w, https:\/\/artshotel.com.tr\/bodrum\/wp-content\/uploads\/2026\/04\/2-300x177.jpg 300w\" sizes=\"(max-width: 530px) 100vw, 530px\" \/>\t\t\t<\/a>\n\t\t<\/div><div class=\"qodef-e qodef-image-wrapper qodef-grid-item swiper-slide\">\n\t\t\t<a class=\"qodef-popup-item\" itemprop=\"image\" href=\"https:\/\/artshotel.com.tr\/bodrum\/wp-content\/uploads\/2026\/04\/3.jpg\" data-type=\"image\" title=\"\">\n\t\t\t<img decoding=\"async\" width=\"530\" height=\"312\" src=\"https:\/\/artshotel.com.tr\/bodrum\/wp-content\/uploads\/2026\/04\/3.jpg\" class=\"attachment-full size-full\" alt=\"\" srcset=\"https:\/\/artshotel.com.tr\/bodrum\/wp-content\/uploads\/2026\/04\/3.jpg 530w, https:\/\/artshotel.com.tr\/bodrum\/wp-content\/uploads\/2026\/04\/3-300x177.jpg 300w\" sizes=\"(max-width: 530px) 100vw, 530px\" \/>\t\t\t<\/a>\n\t\t<\/div><div class=\"qodef-e qodef-image-wrapper qodef-grid-item swiper-slide\">\n\t\t\t<a class=\"qodef-popup-item\" itemprop=\"image\" href=\"https:\/\/artshotel.com.tr\/bodrum\/wp-content\/uploads\/2026\/04\/4.jpg\" data-type=\"image\" title=\"\">\n\t\t\t<img decoding=\"async\" width=\"530\" height=\"312\" src=\"https:\/\/artshotel.com.tr\/bodrum\/wp-content\/uploads\/2026\/04\/4.jpg\" class=\"attachment-full size-full\" alt=\"\" srcset=\"https:\/\/artshotel.com.tr\/bodrum\/wp-content\/uploads\/2026\/04\/4.jpg 530w, https:\/\/artshotel.com.tr\/bodrum\/wp-content\/uploads\/2026\/04\/4-300x177.jpg 300w\" sizes=\"(max-width: 530px) 100vw, 530px\" \/>\t\t\t<\/a>\n\t\t<\/div><div class=\"qodef-e qodef-image-wrapper qodef-grid-item swiper-slide\">\n\t\t\t<a class=\"qodef-popup-item\" itemprop=\"image\" href=\"https:\/\/artshotel.com.tr\/bodrum\/wp-content\/uploads\/2026\/04\/1.jpg\" data-type=\"image\" title=\"\">\n\t\t\t<img decoding=\"async\" width=\"530\" height=\"312\" src=\"https:\/\/artshotel.com.tr\/bodrum\/wp-content\/uploads\/2026\/04\/1.jpg\" class=\"attachment-full size-full\" alt=\"\" srcset=\"https:\/\/artshotel.com.tr\/bodrum\/wp-content\/uploads\/2026\/04\/1.jpg 530w, https:\/\/artshotel.com.tr\/bodrum\/wp-content\/uploads\/2026\/04\/1-300x177.jpg 300w\" sizes=\"(max-width: 530px) 100vw, 530px\" \/>\t\t\t<\/a>\n\t\t<\/div>\t<\/div>\n\t\t<div class=\"swiper-button-prev \"><svg  xmlns=\"http:\/\/www.w3.org\/2000\/svg\" xmlns:xlink=\"http:\/\/www.w3.org\/1999\/xlink\" x=\"0px\" y=\"0px\" viewBox=\"0 0 64 64\" stroke-width=\"2\" xml:space=\"preserve\"><polyline points=\"37,15 20,32 37,49\"\/><\/svg><\/div>\n\t<div class=\"swiper-button-next \"><svg  xmlns=\"http:\/\/www.w3.org\/2000\/svg\" xmlns:xlink=\"http:\/\/www.w3.org\/1999\/xlink\" x=\"0px\" y=\"0px\" viewBox=\"0 0 64 64\" stroke-width=\"2\" xml:space=\"preserve\"><polyline points=\"27,15 44,32 27,49\"\/><\/svg><\/div>\n\t\t<div class=\"swiper-pagination\"><\/div>\n<\/div>\t\t<\/div>\n\t\t\t\t<\/div>\n\t\t\t\t\t<\/div>\n\t\t<\/div>\n\t\t\t\t\t\t\t<\/div>\n\t\t<\/section>\n\t\t\t\t\t\t\t<\/div>\n\t\t","protected":false},"excerpt":{"rendered":"<p>ARTS HOTEL BODRUM FITNESS D\u00fcnyan\u0131n \u00f6nde gelen ticari fitness markalar\u0131ndan Matrix ile \u00e7al\u0131\u015farak, misafirlerimize dayan\u0131kl\u0131 kardiyo, g\u00fc\u00e7 ve fonksiyonel ekipmanlardan olu\u015fan geni\u015f bir portf\u00f6y\u00fcn yan\u0131 s\u0131ra, entegre teknoloji altyap\u0131s\u0131 ve sekt\u00f6r\u00fcn en geli\u015fmi\u015f konsollar\u0131yla donat\u0131lm\u0131\u015f ayr\u0131cal\u0131kl\u0131 bir spor deneyimi sunuyoruz. Alan\u0131m\u0131za \u00f6zel olarak kurgulad\u0131\u011f\u0131m\u0131z bu sa\u011fl\u0131kl\u0131 ya\u015fam deneyimiyle, misafirlerimizin otelimize tekrar tekrar gelmeleri i\u00e7in g\u00fc\u00e7l\u00fc [&hellip;]<\/p>\n","protected":false},"author":1,"featured_media":0,"parent":0,"menu_order":0,"comment_status":"closed","ping_status":"closed","template":"page-full-width.php","meta":{"footnotes":""},"class_list":["post-15899","page","type-page","status-publish","hentry"],"_links":{"self":[{"href":"https:\/\/artshotel.com.tr\/bodrum\/wp-json\/wp\/v2\/pages\/15899","targetHints":{"allow":["GET"]}}],"collection":[{"href":"https:\/\/artshotel.com.tr\/bodrum\/wp-json\/wp\/v2\/pages"}],"about":[{"href":"https:\/\/artshotel.com.tr\/bodrum\/wp-json\/wp\/v2\/types\/page"}],"author":[{"embeddable":true,"href":"https:\/\/artshotel.com.tr\/bodrum\/wp-json\/wp\/v2\/users\/1"}],"replies":[{"embeddable":true,"href":"https:\/\/artshotel.com.tr\/bodrum\/wp-json\/wp\/v2\/comments?post=15899"}],"version-history":[{"count":7,"href":"https:\/\/artshotel.com.tr\/bodrum\/wp-json\/wp\/v2\/pages\/15899\/revisions"}],"predecessor-version":[{"id":15912,"href":"https:\/\/artshotel.com.tr\/bodrum\/wp-json\/wp\/v2\/pages\/15899\/revisions\/15912"}],"wp:attachment":[{"href":"https:\/\/artshotel.com.tr\/bodrum\/wp-json\/wp\/v2\/media?parent=15899"}],"curies":[{"name":"wp","href":"https:\/\/api.w.org\/{rel}","templated":true}]}}